{"id":11,"date":"2026-01-07T16:35:57","date_gmt":"2026-01-07T15:35:57","guid":{"rendered":"https:\/\/valsangrosementi.it\/?page_id=11"},"modified":"2026-01-08T12:55:56","modified_gmt":"2026-01-08T11:55:56","slug":"blog","status":"publish","type":"page","link":"https:\/\/valsangrosementi.it\/?page_id=11","title":{"rendered":"Prodotti"},"content":{"rendered":"\n<p>Alla <strong>Valsangro Srl<\/strong>, abbiamo fatto una scelta di campo precisa: dedicarci esclusivamente alla selezione e alla lavorazione di <strong>sementi mellifere<\/strong>, con una specializzazione assoluta nella <strong>Sulla<\/strong> (<em>Hedysarum coronarium<\/em>).<\/p>\n\n\n\n<p>In un\u2019epoca che richiede un\u2019agricoltura sempre pi\u00f9 sostenibile e attenta alla biodiversit\u00e0, ci poniamo come partner di riferimento per agricoltori e apicoltori che cercano la massima purezza varietale.<\/p>\n\n\n\n<hr class=\"wp-block-separator has-alpha-channel-opacity\"\/>\n\n\n\n<h3 class=\"wp-block-heading\">Il Nostro Core Business: La Sguscitura della Sulla<\/h3>\n\n\n\n<p>La Sulla \u00e8 la regina delle foraggere mellifere del Mediterraneo, preziosa per la produzione del rinomato miele di sulla e fondamentale per il miglioramento della fertilit\u00e0 dei terreni.<\/p>\n\n\n\n<p>Grazie all&#8217;esperienza tramandata da <strong>Camillo<\/strong> ad <strong>Annunziato Sichetti<\/strong>, e oggi portata avanti da <strong>Teodora e Alberto<\/strong>, siamo leader nella <strong>sguscitura professionale<\/strong>.<\/p>\n\n\n\n<h4 class=\"wp-block-heading\">Perch\u00e9 la nostra lavorazione fa la differenza:<\/h4>\n\n\n\n<ul class=\"wp-block-list\">\n<li><strong>Purezza Meccanica d\u2019Eccellenza:<\/strong> Il nostro processo di sguscitura elimina ogni traccia di gluma e impurit\u00e0, consegnando un seme pulito e pronto per una semina di precisione.<\/li>\n\n\n\n<li><strong>Salvaguardia del Germe:<\/strong> Utilizziamo macchinari settati per agire con estrema delicatezza. Non stressiamo il seme, garantendo una <strong>germinabilit\u00e0 superiore<\/strong> e una nascita uniforme della coltura.<\/li>\n\n\n\n<li><strong>Focus Mellifero:<\/strong> Selezioniamo sementi che garantiscono fioriture rigogliose e prolungate, essenziali per il benessere delle api e per la produzione di miele di alta qualit\u00e0.<\/li>\n<\/ul>\n\n\n\n<hr class=\"wp-block-separator has-alpha-channel-opacity\"\/>\n\n\n\n<h3 class=\"wp-block-heading\">Sostenibilit\u00e0 e Biodiversit\u00e0<\/h3>\n\n\n\n<p>Trattare sementi mellifere non \u00e8 solo un lavoro, \u00e8 una missione. La sulla non solo nutre le api, ma \u00e8 una pianta miglioratrice che arricchisce il suolo di azoto in modo naturale.<\/p>\n\n\n\n<p>La nostra azienda a <strong>Fossacesia<\/strong> \u00e8 il punto d&#8217;incontro tra chi ama la terra e chi vuole proteggere l&#8217;ambiente. Ogni lotto che esce dal nostro stabilimento \u00e8 il risultato di una filiera corta, controllata e mossa dalla passione di una famiglia che da tre generazioni crede nel valore del seme.<\/p>\n\n\n\n<p><\/p>\n","protected":false},"excerpt":{"rendered":"<p>Alla Valsangro Srl, abbiamo fatto una scelta di campo precisa: dedicarci esclusivamente alla selezione e alla lavorazione di sementi mellifere, con una specializzazione assoluta nella Sulla (Hedysarum coronarium). In un\u2019epoca che richiede un\u2019agricoltura sempre pi\u00f9 sostenibile e attenta alla biodiversit\u00e0, ci poniamo come partner di riferimento per agricoltori e apicoltori che cercano la massima purezza &hellip; <\/p>\n<p class=\"link-more\"><a href=\"https:\/\/valsangrosementi.it\/?page_id=11\" class=\"more-link\">Leggi tutto<span class=\"screen-reader-text\"> &#8220;Prodotti&#8221;<\/span><\/a><\/p>\n","protected":false},"author":1,"featured_media":45,"parent":0,"menu_order":0,"comment_status":"closed","ping_status":"closed","template":"","meta":{"footnotes":""},"class_list":["post-11","page","type-page","status-publish","has-post-thumbnail","hentry"],"_links":{"self":[{"href":"https:\/\/valsangrosementi.it\/index.php?rest_route=\/wp\/v2\/pages\/11","targetHints":{"allow":["GET"]}}],"collection":[{"href":"https:\/\/valsangrosementi.it\/index.php?rest_route=\/wp\/v2\/pages"}],"about":[{"href":"https:\/\/valsangrosementi.it\/index.php?rest_route=\/wp\/v2\/types\/page"}],"author":[{"embeddable":true,"href":"https:\/\/valsangrosementi.it\/index.php?rest_route=\/wp\/v2\/users\/1"}],"replies":[{"embeddable":true,"href":"https:\/\/valsangrosementi.it\/index.php?rest_route=%2Fwp%2Fv2%2Fcomments&post=11"}],"version-history":[{"count":6,"href":"https:\/\/valsangrosementi.it\/index.php?rest_route=\/wp\/v2\/pages\/11\/revisions"}],"predecessor-version":[{"id":82,"href":"https:\/\/valsangrosementi.it\/index.php?rest_route=\/wp\/v2\/pages\/11\/revisions\/82"}],"wp:featuredmedia":[{"embeddable":true,"href":"https:\/\/valsangrosementi.it\/index.php?rest_route=\/wp\/v2\/media\/45"}],"wp:attachment":[{"href":"https:\/\/valsangrosementi.it\/index.php?rest_route=%2Fwp%2Fv2%2Fmedia&parent=11"}],"curies":[{"name":"wp","href":"https:\/\/api.w.org\/{rel}","templated":true}]}}